 by 26063.
8
Calculate the remainder when 50419 is divided by 49971.
448
Calculate the remainder when 75720 is divided by 233.
228
What is the remainder when 559196 is divided by 30947?
2150
What is the remainder when 12057948 is divided by 3014485?
8
Calculate the remainder when 1875505 is divided by 105.
100
What is the remainder when 228220 is divided by 468?
304
What is the remainder when 9411671 is divided by 591?
587
What is the remainder when 11791308 is divided by 6119?
6114
Calculate the remainder when 11485423 is divided by 917.
915
Calculate the remainder when 85923318 is divided by 70.
68
Calculate the remainder when 1129117 is divided by 112908.
37
Calculate the remainder when 138340 is divided by 34577.
32
What is the remainder when 7132952 is divided by 110?
2
What is the remainder when 13748060 is divided by 55?
40
What is the remainder when 4894297 is divided by 152945?
57
Calculate the remainder when 1586528 is divided by 793224.
80
What is the remainder when 714979 is divided by 2200?
2179
Calculate the remainder when 24756915 is divided by 869.
843
Calculate the remainder when 714095 is divided by 29742.
287
What is the remainder when 55873 is divided by 2526?
301
Calculate the remainder when 14510 is divided by 3723.
3341
Calculate the remainder when 512300 is divided by 881.
439
Calculate the remainder when 3812892 is divided by 649.
17
Calculate the remainder when 209239 is divided by 16031.
836
What is the remainder when 128847 is divided by 3979?
1519
Calculate the remainder when 2160596 is divided by 1662.
1658
Calculate the remainder when 2834971 is divided by 2017.
1086
Calculate the remainder when 1846429 is divided by 615278.
595
Calculate the remainder when 7406125 is divided by 93.
70
What is the remainder when 46579062 is divided by 123225?
12
What is the remainder when 45367 is divided by 6442?
273
Calculate the remainder when 5105026 is divided by 2390.
2376
What is the remainder when 1013349 is divided by 235?
29
What is the remainder when 821931 is divided by 1200?
1131
Calculate the remainder when 2254597 is divided by 2913.
2848
What is the remainder when 280898 is divided by 477?
422
What is the remainder when 323236611 is divided by 63?
54
Calculate the remainder when 232513 is divided by 46.
29
What is the remainder when 857755 is divided by 37?
21
What is the remainder when 9430 is divided by 2788?
1066
What is the remainder when 43708 is divided by 2191?
2079
What is the remainder when 268921716 is divided by 3602?
3600
Calculate the remainder when 72502 is divided by 14283.
1087
Calculate the remainder when 80194 is divided by 581.
16
Calculate the remainder when 12424679 is divided by 11601.
8
What is the remainder when 56608 is divided by 1964?
1616
Calculate the remainder when 71391 is divided by 23122.
2025
Calculate the remainder when 3298277 is divided by 1099408.
53
Calculate the remainder when 31951456 is divided by 2282246.
12
Calculate the remainder when 45325130 is divided by 138.
134
Calculate the remainder when 1612320 is divided by 15807.
6
What is the remainder when 13603145 is divided by 18?
5
Calculate the remainder when 95632455 is divided by 3379.
3376
What is the remainder when 908305728 is divided by 2102?
2100
Calculate the remainder when 1917008 is divided by 2594.
42
What is the remainder when 52380 is divided by 52318?
62
What is the remainder when 1595542 is divided by 720?
22
Calculate the remainder when 16946697 is divided by 103.
4
What is the remainder when 1282017 is divided by 273?
9
What is the remainder when 1537358 is divided by 612?
14
Calculate the remainder when 1504046 is divided by 5430.
5366
What is the remainder when 19611796 is divided by 817158?
4
What is the remainder when 28113 is divided by 485?
468
Calculate the remainder when 17885986 is divided by 8942921.
144
What is the remainder when 3088008 is divided by 1465?
1253
Calculate the remainder when 34279904 is divided by 1331.
1330
What is the remainder when 21891921 is divided by 175135?
46
Calculate the remainder when 4376 is divided by 3947.
429
What is the remainder when 2493317 is divided by 1660?
1657
Calculate the remainder when 37699542 is divided by 73.
6
Calculate the remainder when 35320422 is divided by 1156.
1154
What is the remainder when 22959916 is divided by 34?
22
What is the remainder when 20526 is divided by 5198?
4932
Calculate the remainder when 16550294 is divided by 58.
52
What is the remainder when 4475395 is divided by 5?
0
Calculate the remainder when 132203 is divided by 1905.
758
Calculate the remainder when 207396883 is divided by 2039.
2037
What is the remainder when 2065802 is divided by 516450?
2
What is the remainder when 316156 is divided by 345?
136
Calculate the remainder when 12566475 is divided by 137.
13
What is the remainder when 3030196 is divided by 868?
8
Calculate the remainder when 6069666 is divided by 72.
66
What is the remainder when 316113 is divided by 315215?
898
Calculate the remainder when 11714179 is divided by 3904726.
1
Calculate the remainder when 4231684 is divided by 1531.
0
Calculate the remainder when 27575960 is divided by 240.
200
Calculate the remainder when 149653386 is divided by 1026.
0
What is the remainder when 268686 is divided by 2325?
1311
Calculate the remainder when 2665126 is divided by 888345.
91
What is the remainder when 105323 is divided by 804?
803
What is the remainder when 21257654 is divided by 40?
14
Calculate the remainder when 927336004 is divided by 51.
46
Calculate the remainder when 37502 is divided by 2549.
1816
Calculate the remainder when 14264 is divided by 1183.
68
Calculate the remainder when 5505928 is divided by 931.
925
What is the remainder when 24103286 is divided by 61962?
68
What is the remainder when 262008424 is divided by 317?
316
Calculate the remainder when 41600019 is divided by 392453.
1
Calculate the remainder when 114771083 is divided by 837745.
18
What is the remainder when 54892 is divided by 10917?
307
What is the remainder when 261584 is divided by 130668?
248
What is the remainder when 3847320 is divided by 2004?
1644
Calculate the remainder when 3588177 is divided by 243.
39
Calculate the remainder when 70360038 is divided by 1720.
1718
Calculate the remainder when 3723732 is divided by 372344.
292
What is the remainder when 9078541 is divided by 284?
197
Calculate the remainder when 4891277 is divided by 2305.
67
Calculate the remainder when 541909 is divided by 541875.
34
What is the remainder when 616894 is divided by 9261?
5668
Calculate the remainder when 28780 is divided by 6562.
2532
What is the remainder when 12314263 is divided by 136825?
13
What is the remainder when 3070371 is divided by 3625?
3621
What is the remainder when 213802 is divided by 102249?
9304
Calculate the remainder when 10498496 is divided by 6916.
8
What is the remainder when 1977521 is divided by 205?
91
Calculate the remainder when 549956 is divided by 1154.
652
What is the remainder when 226312198 is divided by 600?
598
Calculate the remainder when 104491 is divided by 104459.
32
Calculate the remainder when 3475603 is divided by 217182.
691
What is the remainder when 103642082 is divided by 43?
42
Calculate the remainder when 1288756 is divided by 1338.
262
What is the remainder when 405674 is divided by 252?
206
What is the remainder when 875810 is divided by 105?
5
What is the remainder when 3490368999 is divided by 11314?
11313
Calculate the remainder when 6692850 is divided by 55.
10
What is the remainder when 671281 is divided by 42?
37
Calculate the remainder when 2449941 is divided by 21.
18
Calculate the remainder when 7132 is divided by 379.
310
What is the remainder when 219744 is divided by 36572?
312
Calculate the remainder when 16403355 is divided by 6.
3
Calculate the remainder when 1568973 is divided by 104598.
3
Calculate the remainder when 1087580 is divided by 6179.
76
What is the remainder when 15497689 is divided by 3099535?
14
Calculate the remainder when 23049 is divided by 3678.
981
What is the remainder when 2099778 is divided by 2099714?
64
Calculate the remainder when 1680854 is divided by 16641.
113
Calculate the remainder when 3145657 is divided by 1572764.
129
Calculate